 - 45 + 2*p + 116 + 73. Let o be r(0). Let d be (o/(-15))/((-2)/10). Calculate the greatest common divisor of 6 and d.
6
Suppose -49 = -4*m + 15. Suppose 0 = 2*j - 4*v - 64, 5*j - 3*v - 13 = 119. Let y be (j/m)/(2/36). What is the greatest common divisor of y and 3?
3
Suppose -p + 86 - 23 = 5*u, -3*p + 21 = u. Calculate the highest common factor of u and 36.
12
Let m be (7 - 1) + (1 - 2). Suppose -4*f + m*x = -28, -f - 4*x = -0*x + 14. Calculate the greatest common factor of 8 and f.
2
Let u be (3/(-4))/((-4)/32). Calculate the highest common factor of u and 42.
6
Suppose 7*c - 42 - 42 = 0. What is the highest common factor of c and 16?
4
Let p be (-459)/(-68) + 2/8. Let s be (-3)/((28/(-88))/p). Calculate the highest common divisor of 6 and s.
6
Suppose 2*y - 491 = -205. Let f(s) = 4*s - 7. Let g be f(5). What is the greatest common divisor of g and y?
13
Let i = 101 - 81. What is the greatest common divisor of 30 and i?
10
Let v(z) = -17*z + 1. Let d be v(2). Let w = d - -52. Calculate the highest common factor of w and 76.
19
Let k be (-52)/(-12) + (-2)/6. Suppose -k = -a + 36. Let m = 33 + -17. What is the greatest common divisor of m and a?
8
Let p be (-6)/(-21) - (-57)/21. Let t(x) = 32*x**2 - 2*x - 1. Let g be t(-1). Calculate the highest common factor of g and p.
3
Suppose -4*h = 5*n - 29, -2*h - 3*h = 2*n - 32. Calculate the greatest common factor of 2 and h.
2
Let g = 1 + 7. What is the greatest common factor of g and 64?
8
Suppose -2*v + 3 = 3*j, 5 - 2 = 3*v + 5*j. What is the greatest common factor of v and 3?
3
Let t(r) = 13*r + 8. Let k be t(7). Let u(v) = v - 7. Let z be u(6). Let c be (z/(-2))/(2/44). What is the greatest common factor of k and c?
11
Suppose -2 + 22 = 2*h. Suppose 2*d = 4*q + h, -q - 16 + 6 = -2*d. Let l = 4 - q. Calculate the highest common divisor of l and 16.
4
Let i(r) = -3*r + 3*r**2 + 5*r**3 + 6*r**2 - 4*r**3 - 5. Let h be i(-6). What is the greatest common factor of h and 11?
11
Suppose -450 = -4*m + 642. Let g be 4/3*m/2. What is the greatest common divisor of 26 and g?
26
Suppose -9*s + 7*s = 0. Suppose 0*u - 3*u + 28 = 4*a, -3*u = s. What is the highest common divisor of 14 and a?
7
Suppose -5*a = -2175 + 560. Suppose 3*h - 5 = 2*h. Suppose n + x = h*n - a, 328 = 4*n + 4*x. What is the greatest common divisor of 9 and n?
9
Let d = -12 - -14. Suppose 0 = -6*k + 4*k + d. What is the highest common factor of 7 and k?
1
Let o(m) = m + 13. Let q be o(-13). Suppose 105 = -q*r + r. What is the greatest common divisor of r and 15?
15
Suppose -4*w + 0*w = -3*o - 135, w + 2*o - 20 = 0. What is the highest common divisor of w and 75?
15
Suppose 0 = -5*j + 3*j + 110. Calculate the greatest common factor of j and 11.
11
Suppose -3*w + 16 = -w. What is the greatest common factor of 24 and w?
8
Let b = -11 + 10. Let z be (-4 - -20)/1 + b. Calculate the greatest common divisor of z and 60.
15
Suppose -7*b + 56 + 7 = 0. What is the highest common divisor of 1 and b?
1
Suppose 4*o - 3*o + 3 = 0. Let x be ((-3)/(-6))/(o/(-684)). Calculate the highest common factor of 19 and x.
19
Suppose -4*q = 2*a - a - 431, -211 = -2*q - 5*a. What is the highest common factor of 12 and q?
12
Let z be (6/(-15))/(3/(-360)). Calculate the greatest common factor of 72 and z.
24
Let x(p) = -2*p - 5. Let k be x(-5). Suppose w - 92 = -b - 2*w, 3*b - 332 = k*w. What is the greatest common factor of 13 and b?
13
Let t = -1 + 10. Let w(r) = -r**2 + 10*r + 4. Let v be w(t). Calculate the highest common divisor of v and 52.
13
Suppose -t + 5*v = -3*t + 46, 0 = 5*t + 5*v - 100. What is the greatest common factor of t and 3?
3
Let g(n) = -12*n - 7. Let k be g(-6). Suppose -2*a = -34 - 16. Let j = a + 1. What is the highest common divisor of j and k?
13
Let k = 42 + -21. Let i = 219 - 114. Calculate the greatest common divisor of i and k.
21
Suppose 2*v - 14 + 0 = 0. Let n(o) = o**2 - 5*o + 8. Let q be n(v). Calculate the greatest common factor of 55 and q.
11
Let q be ((-406)/(-42))/((-2)/(-6)). Suppose -3*v + 10 + q = -3*l, v - 4*l - 22 = 0. What is the greatest common divisor of 25 and v?
5
Let y = -113 - -72. Let t = y + 68. Calculate the greatest common divisor of 3 and t.
3
Suppose -4*p = 4*f - 520, 2*p = -11*f + 12*f + 254. What is the greatest common factor of p and 64?
64
Suppose -3*y - 2*c = -401, -2*y + 145 = -y - 5*c. What is the greatest common divisor of y and 54?
27
Let a be (28/(-70))/(2/(-2640)). What is the greatest common factor of a and 48?
48
Let f(i) = 7*i**2 - 8*i + 7. Let j be f(5). Let c be 1/4 + j/8. Suppose 0 = 5*s - 2*n - 20, -2*n = -s + n - 9. Calculate the highest common divisor of c and s.
6
Suppose -2*d = 0, -2*p = 3*d - 45 - 179. Calculate the highest common factor of p and 16.
16
Suppose 2*i - z - 8 - 2 = 0, -5*i + 28 = -z. What is the greatest common factor of i and 54?
6
Let k = 1 + 16. Calculate the highest common factor of 1 and k.
1
Let n(t) = 25*t + 10. Let z be n(4). What is the highest common divisor of 11 and z?
11
Suppose l - 7 = 54. Suppose 5*r = 4*d - 160, -4*d + r + l = -83. Calculate the highest common divisor of 14 and d.
7
Suppose r - 4*r = m + 8, -4*m = -5*r - 36. Suppose 3*q - m*q = -5*t - 44, q = -1. Let a = t + 25. Calculate the highest common divisor of a and 40.
8
Let a = -21 - -42. Let p = a - 4. Calculate the highest common factor of 34 and p.
17
Let p be 3/12 + (-11)/(-4). Let i be (42/1)/(p - 2). Let z(g) = -2*g**3 - 5*g**2 - 2*g - 1. Let b be z(-3). What is the greatest common factor of i and b?
14
Suppose -5*f + 131 + 9 = 0. What is the greatest common divisor of f and 28?
28
Let m be (1 - 0/2) + 5. Suppose -9*p + 432 = -m*p. What is the greatest common factor of 16 and p?
16
Let p = 0 + 5. Suppose i = -4*y - 4, -4*i - p*y = -4 - 2. Let v = -7 - -35. Calculate the highest common factor of v and i.
4
Let s(k) = -k**3 + 4*k**2 - 2. Let w = 3 + 1. Let r be s(w). Let y(o) = 42*o**2 - o + 1. Let b be y(r). Calculate the greatest common divisor of 19 and b.
19
Let u = 6 + 3. Calculate the highest common divisor of u and 1.
1
Let z(h) = -h**3 - 5*h**2 - 4*h - 5. Let y be z(-5). What is the greatest common factor of y and 105?
15
Let j be 88/6 + (-2)/(-6). Let p(s) = s**3 - 5*s**2 + 1. Let w be p(2). Let z = 4 - w. What is the greatest common divisor of j and z?
15
Let s(c) = -c + 1. Let g be s(-1). Suppose g*l - 44 = -4*w, 112 = 5*w - 5*l + 42. What is the greatest common divisor of w and 12?
12
Let w be 3 + -2 + 74/2. What is the highest common divisor of 19 and w?
19
Let k be (8/(-6))/(1/(-21)). Let a(i) = -i**2 + 3*i + 5. Let g be a(5). Let b = 9 + g. What is the highest common divisor of k and b?
4
Suppose -2 = 29*t - 30*t. Suppose -n + 8 = t. What is the greatest common divisor of n and 4?
2
Suppose 0 = 6*u + 7*u - 182. Calculate the highest common factor of 406 and u.
14
Let k = -19 + 55. Calculate the greatest common factor of 9 and k.
9
Let c be (-28)/(-7)*(1 + 6). Suppose 4*r = -0*r + c. What is the highest common divisor of r and 28?
7
Let z(b) = b**3 + 3*b**2 - 3*b - 3. Let x be z(-3). Suppose x*f - 96 = 2*f. Calculate the greatest common divisor of f and 60.
12
Let v be (2/(-8) - (-31)/(-4))*-10. Calculate the highest common divisor of 40 and v.
40
Suppose -5*v - 35 = -2*j - 0*j, 73 = 5*j + 2*v. Calculate the greatest common factor of j and 3.
3
Suppose -4*t + 0*w + 221 = -w, -3*t + 4*w + 156 = 0. Calculate the highest common factor of 84 and t.
28
Let i be (-4 - -3)*0/(-1). Suppose -2*v + 30 = -i*v. Calculate the greatest common factor of 10 and v.
5
Let k = 59 - 33. Let u = 51 - k. Calculate the highest common factor of u and 75.
25
Let c = -5 + 17. Let f be 2 + (-260)/(1*-2). What is the greatest common factor of c and f?
12
Suppose -4*y + l - 2*l + 14 = 0, 0 = -3*l - 6. Suppose y*o - 822 - 278 = 0. Suppose -o = -6*a + a. What is the highest common factor of a and 22?
11
Let k = -198 - -288. What is the greatest common divisor of 10 and k?
10
Let f = 5 + -5. Let s = 6 - f. Let d be -3 + 4 + (-1 - -1). What is the highest common factor of d and s?
1
Suppose -146 = -3*k - 4*v - 26, -4*k + 160 = 2*v. Suppose 0 = -5*t - l - 0*l + 40, -2*l - 16 = -2*t. What is the greatest common divisor of k and t?
8
Let a = 51 - 16. What is the greatest common divisor of a and 245?
35
Let v = -1